e the prime factors of (-1)/f + 127446/396?
2, 7, 23
Let i(z) = -z**3 + 3*z**2 + 2. Let y be (-2 + 2)*13/26. Let h be i(y). What are the prime factors of (-220 + -8)*h/(-6)?
2, 19
Let h(q) = 2*q**2 + 3*q - 13. Suppose 24 + 31 = -5*p. Let d be h(p). Suppose -3*a - m - 60 = -d, -m + 92 = 2*a. What are the prime factors of a?
2, 11
Let s(v) be the first derivative of 181*v**2/2 - 53*v - 228. What are the prime factors of s(7)?
2, 607
Let k = 716 - 382. Suppose -4*u = -x + k, u = -3*x + 5*u + 986. List the prime factors of x.
2, 163
Let b be (-2)/(68/12 + -5) - 1999. What are the prime factors of (-5)/(55/b)*(-2)/(-4)?
7, 13
Let d(u) = -u**2 - 20*u + 9. Let m = -87 - -68. Let w be d(m). Let v = 46 + w. List the prime factors of v.
2, 37
Let y(f) = 153*f**2. Let k = 30 - 21. Let w be (-4)/6 + 15/k. What are the prime factors of y(w)?
3, 17
Suppose 4*t + 4*a = 3*t - 13, a + 19 = 5*t. Let m be t/9 - 120/(-18). Suppose 3*g = m*g - 644. What are the prime factors of g?
7, 23
Let i(r) = r**2 + 56*r - 45. Let u(k) = -16*k + 78. Let l be u(4). List the prime factors of i(l).
5, 11, 17
Let t be (-4)/14 - (-30)/7. Let p(j) = -2*j**2 + 195*j + 565. Let v be p(99). Suppose t*s + 0*s = v. List the prime factors of s.
67
Suppose 2*u + 1000 = -16*c + 11*c, 3*c + 12 = 0. Let l = 835 + u. What are the prime factors of l?
3, 5, 23
Let x = 12059 - 2322. List the prime factors of x.
7, 13, 107
Let p(d) = -3*d**3 - 4*d**2 - 2*d. Let f be p(-2). Let i be (11 - -10)*(-1 + (-36)/(-28)). List the prime factors of ((-141)/i)/((-3)/f).
2, 47
Suppose -30*v + 8*v + 87604 = 0. Suppose -3*j + 2385 = 3*h - h, v = 5*j + h. List the prime factors of j.
797
Let j = -3 - 8. Let w be 2/j - 350/(-110). Suppose 8*s = 4*h + w*s + 9, h = 3*s - 11. List the prime factors of h.
2
Suppose -i + 3 = -3. Suppose i = n + 3. Suppose t - 4*f = 146, -3*t + t = -n*f - 307. What are the prime factors of t?
2, 79
Suppose -4*l + g = -112770, 1185*l + 28167 = 1186*l + 4*g. What are the prime factors of l?
3, 9397
Suppose 0 = 2*o - 6, -3*j - 38*o + 34*o + 33048 = 0. List the prime factors of j.
2, 2753
Suppose -3*i - u + 914 = 0, -u = i + 4*u - 286. Suppose -4*d - 2*m = -i, 0 = 4*d + 3*m + 94 - 403. What are the prime factors of (2*2/(-2) + d)/1?
73
Let u be 30/(36/6)*48/10. Suppose u*q - 1734 = 18*q. List the prime factors of q.
17
Suppose 23*o - 30080 = 3*o. Let z = o - 713. List the prime factors of z.
7, 113
Suppose -1 = 3*y - 16. Suppose -y - 3 = 4*h, -4*v = 4*h + 16. What are the prime factors of (2/v)/(6/(-306))?
3, 17
Let s(a) = -5*a + 1. Let n = -22 + 28. Let g be (n*(-6)/(-9))/(4/(-10)). What are the prime factors of s(g)?
3, 17
Suppose -3*i + 119 = -5*q, -5*q - 35 = -i - q. List the prime factors of i.
43
Suppose 43670 = 21*j - 51796. List the prime factors of j.
2, 2273
Suppose -50*z - 117*z + 16015480 = 93*z. List the prime factors of z.
2, 19, 1621
Let a be (22/(-4))/(-3 + (-22)/(-8)). Suppose -4230 = 13*r - a*r. What are the prime factors of r?
2, 5, 47
Suppose -4*x = 5*r - 76902, 5*x + r + 2*r = 96121. List the prime factors of x.
47, 409
Suppose -4*a + 2 + 7 = 5*d, 4*a - 15 = -3*d. Suppose 102 = a*j - 48. List the prime factors of j.
5
What are the prime factors of -3 + 3768 + 5 - -1?
3, 419
Suppose -i + 19468 = 2*l - 1084, -l - i = -10276. List the prime factors of l.
2, 7, 367
Let q = -33452 + 41076. What are the prime factors of q?
2, 953
List the prime factors of (-2 - 463645/(-21)) + (-7)/(21/(-2)).
3, 11, 223
Suppose 0 = 4*a - 32149 - 31959 + 14068. List the prime factors of a.
2, 3, 5, 139
Let o = 95 - 111. What are the prime factors of -1 + 1 + (-82)/4*o?
2, 41
Let c(l) = -l**3 - 8*l**2 - 6*l + 12. Let a be c(-7). Suppose a*v - 31 = g, -g - 1 = -0. What are the prime factors of (v/15)/((-3)/(-165))?
2, 11
Suppose 1306*b - 1327*b + 108444 = 0. What are the prime factors of b?
2, 1291
Let i be (12 + 3)/((-2)/(-6)). Suppose -w - 3*w - 24 = -3*x, w + i = 4*x. Suppose 0 = -x*g + 13*g - 27. List the prime factors of g.
3
Suppose 10*s = -4*s - s + 106080. What are the prime factors of s?
2, 13, 17
Let j = 4077 + -1156. Suppose q - 1227 = -3*h, 4*q - h - j - 1974 = 0. What are the prime factors of q?
2, 3, 17
Let k(j) = 11*j**3 - 25*j**2 + 167*j - 66. List the prime factors of k(8).
2, 11, 241
Let y(j) = -j**3 - 8*j**2 + j - 2. Suppose -3*g = -l + 1, 4*l + 6 + 5 = -3*g. Let s be (-1 + 4 + l)*-9*1. What are the prime factors of y(s)?
2, 5, 7
Let n(d) = d**2 + 3*d. Let y be n(-2). Let b be -2 - -10 - (-6)/y. Suppose -b*c = -388 - 7. List the prime factors of c.
79
Let b(g) = -13576*g - 1886. List the prime factors of b(-2).
2, 3, 4211
Let c(t) be the third derivative of 9*t**5/4 - 17*t**4/12 - 103*t**3/6 + 14*t**2 + 7. List the prime factors of c(-3).
2, 607
Let z = 1720 + -729. Suppose -7*m + 206 = -z. List the prime factors of m.
3, 19
Let c = -535 - -553. What are the prime factors of 3/(18/(-4))*(-29511)/c?
1093
Suppose -4*f = 3*t + 2, 5*t + 4*f - 4 + 2 = 0. Suppose -3*z = -3*o - t*z + 347, 5*z = -3*o + 335. What are the prime factors of o?
5, 23
Suppose -43*s = -40*s + 3*c - 74484, 3*s = -5*c + 74494. List the prime factors of s.
103, 241
Let v(r) = -690*r**3 - 13*r**2 - 27*r + 7. List the prime factors of v(-4).
3, 37, 397
Let u(n) = -94*n + 29741. List the prime factors of u(0).
29741
Suppose -3 = 4*z - 11. Suppose 2*o - 5*o - 33 = -3*n, -2*n = 3*o - z. Let q(i) = i**3 - 4*i**2 - 5*i. What are the prime factors of q(n)?
2, 7
Suppose -k + 66 + 24 = 0. Let n = k + -87. What are the prime factors of (-670)/(-5) + n - 4?
7, 19
Let f = 59143 + -32618. List the prime factors of f.
5, 1061
Suppose 4*w + 31 = 15, 3*s + 125 = -5*w. Let a(x) = x**3 + 32*x**2 - 116*x - 55. What are the prime factors of a(s)?
2, 3, 5, 11
Let b(w) = -3*w**2 + 2*w + 448. Suppose -10*t + 2*t = 2*t. What are the prime factors of b(t)?
2, 7
Suppose -20*q = -15*q - 2655. Let w = q - 237. Suppose 5*a + 2*a = w. What are the prime factors of a?
2, 3, 7
Suppose -44880 = 831*q - 846*q + 167460. What are the prime factors of q?
2, 3539
Let m = 66545 + -36726. List the prime factors of m.
29819
Suppose 2*m + 25 = 3*a, -7*a + 25 = -3*a - m. Suppose -61 = -a*i + 5*p + 409, 0 = i - 3*p - 102. What are the prime factors of i?
2, 3, 5
Let h be (0 - -7) + (1 - -2). Suppose 5*v - 30 = -h. Suppose v*f - 1092 = t + 3*t, -4*t = 4*f - 1084. What are the prime factors of f?
2, 17
Suppose 9*a - 125979 = -12*a + 152124. What are the prime factors of a?
17, 19, 41
Suppose 9422 + 18883 = d + 2*d. List the prime factors of d.
3, 5, 17, 37
What are the prime factors of ((-68)/84 - 8/(-12)) + 319691/7?
2, 5, 4567
Let m be 36/(1*4/40). Suppose -112*a + 107*a - 680 = 5*r, 0 = a. Let s = m + r. What are the prime factors of s?
2, 7
List the prime factors of 3/(24/16)*(-2805)/(-2).
3, 5, 11, 17
Suppose -1874 = 3*c + 2*d, -5*c - 4*d - 1870 = -2*c. Let k = c - -1113. What are the prime factors of k?
487
Let u = 351 + 1681. List the prime factors of u.
2, 127
Let g = -128 + 322. Suppose -5*l = 5*q - 2415, -5*q + g = l - 273. What are the prime factors of l?
487
Suppose 0 = -4*w + 12 - 16. Let l be (w + 0)/(-12 - -10)*-2. List the prime factors of (-16)/(-12)*(-27)/1*l.
2, 3
Suppose -4407 = 7*q + 1809. Let l = q + 1254. List the prime factors of l.
2, 3, 61
Suppose 0 = 5*z + 287 - 122. Let r = z + 51. List the prime factors of 0 + 0 - (4 + r/(-2)).
5
Let t(u) = -9*u - 105. Let n be t(23). What are the prime factors of ((-722)/8)/(26/n)?
3, 19
Let h(k) = -15*k + 16. Let l be h(1). Suppose -l = f - 88. What are the prime factors of f?
3, 29
Let c = 40341 - 21602. What are the prime factors of c?
7, 2677
Let p(j) = -3*j + 83. Let z be p(16). Suppose 5*m - z = -5*s, 5*s - 13*m = -9*m - 1. List the prime factors of s.
3
Let f(l) = 59*l**2 - 35*l + 209. List the prime factors of f(11).
3, 11, 211
Let v(f) = -61*f**3 - 2*f**2 - 3*f - 29. List the prime factors of v(-4).
3, 5, 257
Suppose 4*t - 4*m = -4, -4*t = -2*m - 0 - 6. Let f be (0 + -1 - -49)*(-145)/(-87). Let s = f - t. List the prime factors of s.
2, 19
Let x(t) = t**2 + 9*t + 3. Let u(p) = 2*p**2 + 18*p + 5. Let r(f) = -3*u(f) + 7*x(f). Let l be r(-9). Suppose -l*n + 1870 = 11*n. List the prime factors of n.
2, 5, 11
Let w(b) be the first derivative of 4*b**3 + 1/4*b**4 + b + 15/2*b**2 - 6. L